inder when 12 is divided by u(s).
0
Let u be 1/2 + 218/(-4). Let a = u - -52. What is the remainder when (-1)/5*a - 86/(-10) is divided by 7?
2
Let l(y) be the third derivative of -7*y**2 + 0*y - 11/24*y**4 - 1/60*y**5 - 13/6*y**3 + 0. What is the remainder when 66 is divided by l(-6)?
15
Let l(g) = -156 + 19*g + 11 - 55 + 42 + 0*g. Calculate the remainder when l(18) is divided by 38.
32
Let q = -4997 - -5050. What is the remainder when 1375 is divided by q?
50
Suppose -30*z = -394 - 176. Suppose -5*p + 65 = 14*s - z*s, 0 = -p - 5*s + 43. Let q = -74 + 107. Calculate the remainder when q is divided by p.
15
Let f = 5764 + -5575. What is the remainder when 16062 is divided by f?
186
Let w be (-30)/45*(-1 + -4 + 2). Suppose -w*u = -4*a - 44, u = -4*a + a + 2. Calculate the remainder when 135 is divided by u.
9
Let j = -690 + 674. Calculate the remainder when ((2412/j)/9)/((-4)/64) is divided by 66.
4
Let g(h) = -543*h - 1752. What is the remainder when g(-4) is divided by 135?
15
Suppose -b = 8*b - 72. Suppose -60 - 125 = -5*c. Suppose 89 + c = 2*q. What is the remainder when q is divided by b?
7
Let n(y) = -8*y**2 + 540*y + 292. Calculate the remainder when 290 is divided by n(68).
10
Suppose 3*y = -3*o + 246, 5*y + 149 = 2*o + 13. What is the remainder when o is divided by 52?
26
Suppose 8 = -2*h, -q + 417 = h + 2*h. What is the remainder when q is divided by 99?
33
Suppose 2*c + 4*h - 11 = -c, 0 = 2*c + 5*h - 19. What is the remainder when 1/(-3) + (-5)/((-90)/132) is divided by 2/(c - -1) + 5?
3
What is the remainder when 5 + (-3310)/(-5) - -10 is divided by 17?
14
Suppose -4*z + 88 = 68. Suppose 3*v = 4*k - 38, -8*v = -z*v + 6. Calculate the remainder when 31 is divided by k.
7
Let y(j) = 1864*j**2 - 32*j + 37. Calculate the remainder when y(1) is divided by 144.
141
Let q(j) = -j**2 + 12*j - 8. Let g = -48 - -48. Suppose -2*h - 8 + 34 = g. Calculate the remainder when h is divided by q(11).
1
Let n = -82 - -115. Let b = n + 1. Calculate the remainder when b is divided by 6.
4
Let z = -9926 - -11257. Calculate the remainder when z is divided by 327.
23
Calculate the remainder when 6/15 - 32202/(-45) is divided by 8.
4
Let t(c) = -2*c**3 - 31*c**2 + 26*c - 142. Calculate the remainder when t(-17) is divided by 71.
70
Let l = -1397 + 1749. Calculate the remainder when l is divided by 224.
128
Suppose -6*j - 2407 = 1715. Let m = j + 713. Calculate the remainder when 258 is divided by m.
24
Let k = -19 + 22. Let f be -2 - (-2 + (k - 3)). What is the remainder when 31 is divided by (-2 - f)/(-1) + 14?
15
Suppose 10*h + 1170 = 40*h. Calculate the remainder when 3039 is divided by h.
36
Let k = 4582 - 4565. What is the remainder when 44 is divided by k?
10
Let f = 2169 - 2162. Calculate the remainder when 486 is divided by f.
3
Suppose 2*k - 109 + 119 = 0. Let w(z) = z**3 + 9*z**2 - 3*z - 14. Calculate the remainder when w(-9) is divided by (-12)/15*k - (-4 - -2).
1
Calculate the remainder when 94 is divided by -8 + 22/((-484)/(-678)) - (-4)/22.
2
Suppose 672 = 10*o + 11*o. Suppose -2*a = -4*y - 142, 0 = 28*a - o*a + 3*y + 274. Calculate the remainder when 126 is divided by a.
59
Suppose 11 = r - 4*t, -4*t + 98 + 5 = 5*r. Suppose 17*j - r*j = 148. Calculate the remainder when (1 + -5)*j/8 is divided by 8.
5
Calculate the remainder when 291 is divided by 90 - (-7 - 30/10).
91
Let f(b) = -3*b - 12. Suppose 0 = 2*j + m + 192, -5*j + 6*m - 9*m = 478. Let g be 18/(-24) + j/8. What is the remainder when 50 is divided by f(g)?
23
Let g = 772 + -640. Suppose -g*l = -157*l + 3700. Calculate the remainder when l is divided by 22.
16
Suppose 95818 = 4*v + 2*t, -15*t + 95823 = 4*v - 12*t. Calculate the remainder when v is divided by 17.
16
Let s(r) = -33*r - 89. Calculate the remainder when s(-4) is divided by 28.
15
Suppose -86*t + 13*t + 1868 = -3680. Let i(o) = 2*o + 0*o**2 + 3*o + 1 + o**2. Calculate the remainder when t is divided by i(-6).
6
Let i(w) = -w**3 + 31*w**2 - 92*w - 949. Calculate the remainder when 108 is divided by i(26).
30
Let q(g) be the second derivative of g**4/12 - 19*g**3/6 - 129*g**2 - 272*g. Calculate the remainder when q(-13) is divided by 32.
30
Suppose -5*p + p - 53 = -5*u, 5*p - 3*u + 63 = 0. Let t be (3/(-2))/(p/120). Suppose -4*m + t + 17 = 0. Calculate the remainder when 30 is divided by m.
6
Suppose 0 = -3*g + 3*k + 45, -31*g + 32*g - 2*k - 16 = 0. What is the remainder when 540 is divided by g?
8
Let a(u) = 2*u**2 - 7*u - 4. Let s(b) = -2*b**2 - 23*b - 30. Let n be s(-12). Let i = n - -49. Calculate the remainder when a(i) is divided by 13.
6
Suppose 0 = -2*d + 5*b + 13992 + 1291, -23001 = -3*d - b. What is the remainder when d is divided by 19?
7
Let i = 479 - 451. What is the remainder when 923 is divided by i?
27
Let v(h) = -3*h**2 - 20*h - 21. What is the remainder when (5 + -5)/(-2) - -83 is divided by v(-4)?
6
Let h(t) = 183 - 20*t + 21 + 172 - 57. What is the remainder when 201 is divided by h(14)?
6
Suppose 119*u - 116*u + 6887 = 4*j, -3*j + 3*u = -5169. Calculate the remainder when j is divided by 30.
8
Let g = -308 + 609. Suppose 0 = 4*m - 7*z + 23 - 180, -2*m + 71 = -z. What is the remainder when g is divided by m?
29
Let f = -6941 - -6962. What is the remainder when 307 is divided by f?
13
Suppose 2*k = -5*d - 39, 4*d - 5*k = -39 - 12. What is the remainder when (d - -7) + 3 + 282 is divided by 89?
16
Let o(h) = 6*h + 6 - 14 - 15. What is the remainder when o(8) is divided by 14 + 0/10 + 2 + 0?
9
Let z(l) = 13*l - 39. Let i(a) = 14*a - 38. Let v(p) = 3*i(p) - 2*z(p). Let t be v(11). Suppose 5*s = 12*s - t. What is the remainder when 35 is divided by s?
15
Let b(a) = -3*a**2 + 23*a + 171. What is the remainder when 1677 is divided by b(12)?
12
Let o(i) = 10*i - 3. Let z(u) = -8510*u + 25574. What is the remainder when z(3) is divided by o(2)?
10
Let c(k) = -k**3 + 5*k**2 + 4*k - 2. Suppose -11*r + 8*r + 135 = 0. Let z = r + -47. What is the remainder when 32 is divided by c(z)?
14
Suppose -112*p - 30*p + 57936 = 0. Calculate the remainder when p is divided by 80.
8
Suppose 5*g = s + 173, 5*g - 311 = 4*s - 129. What is the remainder when 201 is divided by g?
31
Let o = 5089 - 5016. What is the remainder when 3208 is divided by o?
69
Suppose -3323 = -461*j + 18805. Let b = -24 - -38. What is the remainder when j is divided by b?
6
Calculate the remainder when 11 - -121 - (-126)/14 is divided by 16.
13
Suppose 0 = -5*p + 3*j + 112, -5*p - 292 = 5*j - 412. What is the remainder when 1333 is divided by p?
22
Let p(i) = 3*i**2 + 2*i - 2. Let v be p(1). Suppose v*z = 7*z - 12. What is the remainder when (4 + 1)/(3/9*z) is divided by 3?
2
Let h = -3 - -21. Suppose -4*w + 22*k - 20*k + 270 = 0, -5*w = -4*k - 345. Calculate the remainder when w is divided by h.
11
Let s(v) be the first derivative of v**3/3 + 3*v**2/2 + 5*v - 44. What is the remainder when 493 is divided by s(-5)?
13
Suppose -114 + 78 = -4*a. Let o(t) = -t**2 - 6*t + 10. Let s be o(-7). Calculate the remainder when a is divided by -1 + 4/(s + -1).
0
Let y = 49 + -33. Let s(f) = -15*f - 17. Calculate the remainder when s(-5) is divided by y.
10
Suppose 132 = 4*d + 5*x + 39, -4*d + 2*x + 114 = 0. Suppose d*g = 32*g - 240. Let c = 647 + -630. What is the remainder when g is divided by c?
14
Suppose 3*n = -2*m + 51, -5*n + 24 = 5*m - 61. Calculate the remainder when ((-8)/28)/((-3)/483) is divided by n.
12
Suppose -3*w = 10*q - 11*q + 5712, -q + 5718 = -4*w. What is the remainder when q is divided by 211?
208
Let g = 146 - 142. Suppose 1892 = g*k + 648. What is the remainder when k is divided by 39?
38
Let k(v) = v**2 - 35*v + 176. Let w be k(6). Suppose -w*h + 52 = 2*t - 0, -h + 5 = 0. What is the remainder when 474/9*3/2 is divided by t?
16
Let c = -256 + 273. Let p(t) = t**2 - t + 40. What is the remainder when p(0) is divided by c?
6
Let k be ((-135)/(-7))/(-3) + 12/28. Suppose 3*z - 180 = 78. What is the remainder when z is divided by ((-55)/30 + (-2)/(-4))*k?
6
Let l = -472 + 475. Suppose 0 = -4*k - l*t + 1518, -7*k = -8*k + t + 383. Calculate the remainder when k is divided by 16.
13
Let c(x) = x**2 + 68*x + 559. Suppose 0 = 2*r - 0*r - 152. Calculate the remainder when r is divided by c(-59).
20
Calculate the remainder when 696/5 - (-60)/75 is div